{"id":20,"date":"2022-02-21T09:51:12","date_gmt":"2022-02-21T09:51:12","guid":{"rendered":"https:\/\/xstore.8theme.com\/elementor\/demos\/grocery-market\/?page_id=20"},"modified":"2024-09-11T12:42:05","modified_gmt":"2024-09-11T17:42:05","slug":"nosotros","status":"publish","type":"page","link":"https:\/\/heisateam.com.mx\/index.php\/nosotros\/","title":{"rendered":"Nosotros"},"content":{"rendered":"\t\t<div data-elementor-type=\"wp-page\" data-elementor-id=\"20\" class=\"elementor elementor-20\">\n\t\t\t\t\t\t<section class=\"elementor-section elementor-top-section elementor-element elementor-element-3b626bea elementor-section-stretched elementor-section-boxed elementor-section-height-default elementor-section-height-default\" data-id=\"3b626bea\" data-element_type=\"section\" data-e-type=\"section\" data-settings=\"{&quot;stretch_section&quot;:&quot;section-stretched&quot;,&quot;background_background&quot;:&quot;classic&quot;}\">\n\t\t\t\t\t\t\t<div class=\"elementor-background-overlay\"><\/div>\n\t\t\t\t\t\t\t<div class=\"elementor-container elementor-column-gap-no\">\n\t\t\t\t\t<div class=\"elementor-column elementor-col-100 elementor-top-column elementor-element elementor-element-739ddd07\" data-id=\"739ddd07\" data-element_type=\"column\" data-e-type=\"column\">\n\t\t\t<div class=\"elementor-widget-wrap elementor-element-populated\">\n\t\t\t\t\t\t<div class=\"elementor-element elementor-element-33b845e8 elementor-widget elementor-widget-heading\" data-id=\"33b845e8\" data-element_type=\"widget\" data-e-type=\"widget\" data-widget_type=\"heading.default\">\n\t\t\t\t<div class=\"elementor-widget-container\">\n\t\t\t\t\t<h2 class=\"elementor-heading-title elementor-size-default\">\u00bfQui\u00e9nes somos?<\/h2>\t\t\t\t<\/div>\n\t\t\t\t<\/div>\n\t\t\t\t\t<\/div>\n\t\t<\/div>\n\t\t\t\t\t<\/div>\n\t\t<\/section>\n\t\t\t\t<section class=\"elementor-section elementor-top-section elementor-element elementor-element-338777ef elementor-section-content-middle elementor-section-stretched elementor-section-boxed elementor-section-height-default elementor-section-height-default\" data-id=\"338777ef\" data-element_type=\"section\" data-e-type=\"section\" data-settings=\"{&quot;stretch_section&quot;:&quot;section-stretched&quot;}\">\n\t\t\t\t\t\t<div class=\"elementor-container elementor-column-gap-no\">\n\t\t\t\t\t<div class=\"elementor-column elementor-col-50 elementor-top-column elementor-element elementor-element-3bf75f1a elementor-invisible\" data-id=\"3bf75f1a\" data-element_type=\"column\" data-e-type=\"column\" data-settings=\"{&quot;animation&quot;:&quot;fadeInLeft&quot;}\">\n\t\t\t<div class=\"elementor-widget-wrap elementor-element-populated\">\n\t\t\t\t\t\t<div class=\"elementor-element elementor-element-564ddb33 elementor-widget elementor-widget-image\" data-id=\"564ddb33\" data-element_type=\"widget\" data-e-type=\"widget\" data-widget_type=\"image.default\">\n\t\t\t\t<div class=\"elementor-widget-container\">\n\t\t\t\t\t\t\t\t\t\t\t\t\t\t\t<img loading=\"lazy\" loading=\"lazy\" decoding=\"async\" width=\"1600\" height=\"900\" src=\"https:\/\/heisateam.com.mx\/wp-content\/uploads\/2024\/09\/Reparacion-y-mantenimiento-de-equipos-hidraulicos-en-monterrey1.jpg\" class=\"attachment-full size-full wp-image-2608\" alt=\"\" srcset=\"https:\/\/heisateam.com.mx\/wp-content\/uploads\/2024\/09\/Reparacion-y-mantenimiento-de-equipos-hidraulicos-en-monterrey1.jpg 1600w, https:\/\/heisateam.com.mx\/wp-content\/uploads\/2024\/09\/Reparacion-y-mantenimiento-de-equipos-hidraulicos-en-monterrey1-300x169.jpg 300w, https:\/\/heisateam.com.mx\/wp-content\/uploads\/2024\/09\/Reparacion-y-mantenimiento-de-equipos-hidraulicos-en-monterrey1-1024x576.jpg 1024w, https:\/\/heisateam.com.mx\/wp-content\/uploads\/2024\/09\/Reparacion-y-mantenimiento-de-equipos-hidraulicos-en-monterrey1-768x432.jpg 768w, https:\/\/heisateam.com.mx\/wp-content\/uploads\/2024\/09\/Reparacion-y-mantenimiento-de-equipos-hidraulicos-en-monterrey1-1536x864.jpg 1536w, https:\/\/heisateam.com.mx\/wp-content\/uploads\/2024\/09\/Reparacion-y-mantenimiento-de-equipos-hidraulicos-en-monterrey1-600x338.jpg 600w, https:\/\/heisateam.com.mx\/wp-content\/uploads\/2024\/09\/Reparacion-y-mantenimiento-de-equipos-hidraulicos-en-monterrey1-1x1.jpg 1w, https:\/\/heisateam.com.mx\/wp-content\/uploads\/2024\/09\/Reparacion-y-mantenimiento-de-equipos-hidraulicos-en-monterrey1-10x6.jpg 10w\" sizes=\"auto, (max-width: 1600px) 100vw, 1600px\">\t\t\t\t\t\t\t\t\t\t\t\t\t\t\t<\/div>\n\t\t\t\t<\/div>\n\t\t\t\t\t<\/div>\n\t\t<\/div>\n\t\t\t\t<div class=\"elementor-column elementor-col-50 elementor-top-column elementor-element elementor-element-168003ce elementor-invisible\" data-id=\"168003ce\" data-element_type=\"column\" data-e-type=\"column\" data-settings=\"{&quot;animation&quot;:&quot;fadeInRight&quot;}\">\n\t\t\t<div class=\"elementor-widget-wrap elementor-element-populated\">\n\t\t\t\t\t\t<div class=\"elementor-element elementor-element-63f129d6 elementor-widget elementor-widget-heading\" data-id=\"63f129d6\" data-element_type=\"widget\" data-e-type=\"widget\" data-widget_type=\"heading.default\">\n\t\t\t\t<div class=\"elementor-widget-container\">\n\t\t\t\t\t<h2 class=\"elementor-heading-title elementor-size-default\">Nuestra Historia<\/h2>\t\t\t\t<\/div>\n\t\t\t\t<\/div>\n\t\t\t\t<div class=\"elementor-element elementor-element-8ecd3cf elementor-widget elementor-widget-heading\" data-id=\"8ecd3cf\" data-element_type=\"widget\" data-e-type=\"widget\" data-widget_type=\"heading.default\">\n\t\t\t\t<div class=\"elementor-widget-container\">\n\t\t\t\t\t<h2 class=\"elementor-heading-title elementor-size-default\"><span style=\"color:#3739f5\">Conoce<\/span> - Nuestra empresa de referencia.<\/h2>\t\t\t\t<\/div>\n\t\t\t\t<\/div>\n\t\t\t\t<div class=\"elementor-element elementor-element-4348e6dc elementor-widget elementor-widget-text-editor\" data-id=\"4348e6dc\" data-element_type=\"widget\" data-e-type=\"widget\" data-widget_type=\"text-editor.default\">\n\t\t\t\t<div class=\"elementor-widget-container\">\n\t\t\t\t\t\t\t\t\t<p><strong>HEISA<\/strong>\u00a0es una empresa que inicia sus operaciones en el a\u00f1o 1992, con el fin de suministrar requerimientos de equipos hidr\u00e1ulicos y neum\u00e1ticos a la industria metal\u00fargica, alimenticia y cementera, entre otras.<\/p><p>La empresa comenz\u00f3 atendiendo solo el \u00e1rea metropolitana de Monterrey pero gracias a las experiencias vividas con sus clientes, ha podido lograr una diversificaci\u00f3n en otras l\u00edneas a manera de seguir creciendo para cubrir una mayor parte del mercado nacional.<\/p><p>En\u00a0<strong>HEISA\u00a0<\/strong>contamos con personal altamente capacitado para el dise\u00f1o y fabricaci\u00f3n de unidades hidr\u00e1ulicas y c\u00e1lculo de cilindros. Tenemos talleres autorizados para el mantenimiento de sistemas hidr\u00e1ulicos y neum\u00e1ticos, as\u00ed como un equipo de vendedores que atienden a nuestros clientes con un excelente esp\u00edritu de servicio.<\/p>\t\t\t\t\t\t\t\t<\/div>\n\t\t\t\t<\/div>\n\t\t\t\t<section class=\"elementor-section elementor-inner-section elementor-element elementor-element-35548e94 elementor-section-content-middle elementor-section-boxed elementor-section-height-default elementor-section-height-default\" data-id=\"35548e94\" data-element_type=\"section\" data-e-type=\"section\">\n\t\t\t\t\t\t<div class=\"elementor-container elementor-column-gap-no\">\n\t\t\t\t\t<div class=\"elementor-column elementor-col-50 elementor-inner-column elementor-element elementor-element-31ec8502\" data-id=\"31ec8502\" data-element_type=\"column\" data-e-type=\"column\">\n\t\t\t<div class=\"elementor-widget-wrap elementor-element-populated\">\n\t\t\t\t\t\t<div class=\"elementor-element elementor-element-43dccbe0 elementor-widget elementor-widget-text-editor\" data-id=\"43dccbe0\" data-element_type=\"widget\" data-e-type=\"widget\" data-widget_type=\"text-editor.default\">\n\t\t\t\t<div class=\"elementor-widget-container\">\n\t\t\t\t\t\t\t\t\t<p>\u00bfTiene preguntas?<\/p>\t\t\t\t\t\t\t\t<\/div>\n\t\t\t\t<\/div>\n\t\t\t\t\t<\/div>\n\t\t<\/div>\n\t\t\t\t<div class=\"elementor-column elementor-col-50 elementor-inner-column elementor-element elementor-element-198df1d0\" data-id=\"198df1d0\" data-element_type=\"column\" data-e-type=\"column\">\n\t\t\t<div class=\"elementor-widget-wrap elementor-element-populated\">\n\t\t\t\t\t\t<div class=\"elementor-element elementor-element-6de3a6c7 elementor-widget__width-initial elementor-widget elementor-widget-button\" data-id=\"6de3a6c7\" data-element_type=\"widget\" data-e-type=\"widget\" data-widget_type=\"button.default\">\n\t\t\t\t<div class=\"elementor-widget-container\">\n\t\t\t\t\t\t\t\t\t<div class=\"elementor-button-wrapper\">\n\t\t\t\t\t<a class=\"elementor-button elementor-button-link elementor-size-sm elementor-animation-skew-forward\" href=\"#\">\n\t\t\t\t\t\t<span class=\"elementor-button-content-wrapper\">\n\t\t\t\t\t\t<span class=\"elementor-button-icon\">\n\t\t\t\t<i aria-hidden=\"true\" class=\"et-icon et-right-arrow-2\"><\/i>\t\t\t<\/span>\n\t\t\t\t\t\t\t\t\t<span class=\"elementor-button-text\">Cont\u00e1ctanos<\/span>\n\t\t\t\t\t<\/span>\n\t\t\t\t\t<\/a>\n\t\t\t\t<\/div>\n\t\t\t\t\t\t\t\t<\/div>\n\t\t\t\t<\/div>\n\t\t\t\t\t<\/div>\n\t\t<\/div>\n\t\t\t\t\t<\/div>\n\t\t<\/section>\n\t\t\t\t\t<\/div>\n\t\t<\/div>\n\t\t\t\t\t<\/div>\n\t\t<\/section>\n\t\t\t\t<section class=\"elementor-section elementor-top-section elementor-element elementor-element-6794ac5b elementor-section-content-middle elementor-section-stretched elementor-section-boxed elementor-section-height-default elementor-section-height-default\" data-id=\"6794ac5b\" data-element_type=\"section\" data-e-type=\"section\" data-settings=\"{&quot;stretch_section&quot;:&quot;section-stretched&quot;}\">\n\t\t\t\t\t\t<div class=\"elementor-container elementor-column-gap-custom\">\n\t\t\t\t\t<div class=\"elementor-column elementor-col-50 elementor-top-column elementor-element elementor-element-7e4be263\" data-id=\"7e4be263\" data-element_type=\"column\" data-e-type=\"column\">\n\t\t\t<div class=\"elementor-widget-wrap elementor-element-populated\">\n\t\t\t\t\t\t<div class=\"elementor-element elementor-element-b9c95d4 elementor-widget elementor-widget-image\" data-id=\"b9c95d4\" data-element_type=\"widget\" data-e-type=\"widget\" data-widget_type=\"image.default\">\n\t\t\t\t<div class=\"elementor-widget-container\">\n\t\t\t\t\t\t\t\t\t\t\t\t\t\t\t<img loading=\"lazy\" loading=\"lazy\" decoding=\"async\" width=\"1024\" height=\"681\" src=\"https:\/\/heisateam.com.mx\/wp-content\/uploads\/2024\/09\/Reparacion-y-mantenimiento-de-equipos-hidraulicos-en-monterrey-1024x681.jpg\" class=\"attachment-large size-large wp-image-2607\" alt=\"\" srcset=\"https:\/\/heisateam.com.mx\/wp-content\/uploads\/2024\/09\/Reparacion-y-mantenimiento-de-equipos-hidraulicos-en-monterrey-1024x681.jpg 1024w, https:\/\/heisateam.com.mx\/wp-content\/uploads\/2024\/09\/Reparacion-y-mantenimiento-de-equipos-hidraulicos-en-monterrey-300x200.jpg 300w, https:\/\/heisateam.com.mx\/wp-content\/uploads\/2024\/09\/Reparacion-y-mantenimiento-de-equipos-hidraulicos-en-monterrey-768x511.jpg 768w, https:\/\/heisateam.com.mx\/wp-content\/uploads\/2024\/09\/Reparacion-y-mantenimiento-de-equipos-hidraulicos-en-monterrey-1536x1021.jpg 1536w, https:\/\/heisateam.com.mx\/wp-content\/uploads\/2024\/09\/Reparacion-y-mantenimiento-de-equipos-hidraulicos-en-monterrey-600x399.jpg 600w, https:\/\/heisateam.com.mx\/wp-content\/uploads\/2024\/09\/Reparacion-y-mantenimiento-de-equipos-hidraulicos-en-monterrey-1x1.jpg 1w, https:\/\/heisateam.com.mx\/wp-content\/uploads\/2024\/09\/Reparacion-y-mantenimiento-de-equipos-hidraulicos-en-monterrey-10x7.jpg 10w, https:\/\/heisateam.com.mx\/wp-content\/uploads\/2024\/09\/Reparacion-y-mantenimiento-de-equipos-hidraulicos-en-monterrey.jpg 1600w\" sizes=\"auto, (max-width: 1024px) 100vw, 1024px\">\t\t\t\t\t\t\t\t\t\t\t\t\t\t\t<\/div>\n\t\t\t\t<\/div>\n\t\t\t\t\t<\/div>\n\t\t<\/div>\n\t\t\t\t<div class=\"elementor-column elementor-col-50 elementor-top-column elementor-element elementor-element-49033c8f\" data-id=\"49033c8f\" data-element_type=\"column\" data-e-type=\"column\">\n\t\t\t<div class=\"elementor-widget-wrap elementor-element-populated\">\n\t\t\t\t\t\t<div class=\"elementor-element elementor-element-719eb2cc elementor-align-center elementor-widget elementor-widget-etheme_icon_box\" data-id=\"719eb2cc\" data-element_type=\"widget\" data-e-type=\"widget\" data-settings=\"{&quot;icon_type&quot;:&quot;icon&quot;}\" data-widget_type=\"etheme_icon_box.default\">\n\t\t\t\t<div class=\"elementor-widget-container\">\n\t\t\t\t\t\t\t\t<div class=\"etheme-icon-box etheme-icon-box-icon-position-top etheme-icon-box-icon-outside\">\n        \n                            \n                <div class=\"etheme-icon-box-icon etheme-icon-box-icon-type-icon\">\n        \n                <i aria-hidden=\"true\" class=\"et-icon et-delivery\"><\/i>        \n                <\/div>\n            \n                <div class=\"etheme-icon-box-content\">\n\t\t\n                                        \n                                            <h3 class=\"etheme-icon-box-title\">\n                            <span>Misi\u00f3n<\/span>\n                        <\/h3>\n                    \t\t\n                                            <p class=\"etheme-icon-box-description\">\n                            Proveer al mercado industrial con productos y servicios de alta calidad, a precios competitivos y con una puntualidad impecable, superando de manera consistente las expectativas de nuestros clientes y contribuyendo al crecimiento y \u00e9xito de sus negocios.                        <\/p>\n                    \n                            \n                <\/div>\n\t\t\t<\/div>\n\t\t\t\t\t\t<\/div>\n\t\t\t\t<\/div>\n\t\t\t\t<div class=\"elementor-element elementor-element-155f66f6 elementor-align-center elementor-widget elementor-widget-etheme_icon_box\" data-id=\"155f66f6\" data-element_type=\"widget\" data-e-type=\"widget\" data-settings=\"{&quot;icon_type&quot;:&quot;icon&quot;}\" data-widget_type=\"etheme_icon_box.default\">\n\t\t\t\t<div class=\"elementor-widget-container\">\n\t\t\t\t\t\t\t\t<div class=\"etheme-icon-box etheme-icon-box-icon-position-top etheme-icon-box-icon-outside\">\n        \n                            \n                <div class=\"etheme-icon-box-icon etheme-icon-box-icon-type-icon\">\n        \n                <i aria-hidden=\"true\" class=\"et-icon et-internet\"><\/i>        \n                <\/div>\n            \n                <div class=\"etheme-icon-box-content\">\n\t\t\n                                        \n                                            <h3 class=\"etheme-icon-box-title\">\n                            <span>Visi\u00f3n<\/span>\n                        <\/h3>\n                    \t\t\n                                            <p class=\"etheme-icon-box-description\">\n                            Ser la empresa l\u00edder en nuestra industria, reconocida por nuestras innovaciones en productos y servicios, y por ofrecer un servicio al cliente excepcional que establezca nuevos est\u00e1ndares de excelencia y confianza en el mercado.                        <\/p>\n                    \n                            \n                <\/div>\n\t\t\t<\/div>\n\t\t\t\t\t\t<\/div>\n\t\t\t\t<\/div>\n\t\t\t\t\t<\/div>\n\t\t<\/div>\n\t\t\t\t\t<\/div>\n\t\t<\/section>\n\t\t\t\t<\/div>\n\t\t","protected":false},"excerpt":{"rendered":"<p>\u00bfQui\u00e9nes somos? Nuestra Historia Conoce &#8211; Nuestra empresa de referencia. HEISA\u00a0es una empresa que inicia sus operaciones&#8230;<\/p>\n","protected":false},"author":1,"featured_media":0,"parent":0,"menu_order":0,"comment_status":"closed","ping_status":"closed","template":"","meta":{"footnotes":""},"class_list":["post-20","page","type-page","status-publish","hentry"],"_links":{"self":[{"href":"https:\/\/heisateam.com.mx\/index.php\/wp-json\/wp\/v2\/pages\/20","targetHints":{"allow":["GET"]}}],"collection":[{"href":"https:\/\/heisateam.com.mx\/index.php\/wp-json\/wp\/v2\/pages"}],"about":[{"href":"https:\/\/heisateam.com.mx\/index.php\/wp-json\/wp\/v2\/types\/page"}],"author":[{"embeddable":true,"href":"https:\/\/heisateam.com.mx\/index.php\/wp-json\/wp\/v2\/users\/1"}],"replies":[{"embeddable":true,"href":"https:\/\/heisateam.com.mx\/index.php\/wp-json\/wp\/v2\/comments?post=20"}],"version-history":[{"count":26,"href":"https:\/\/heisateam.com.mx\/index.php\/wp-json\/wp\/v2\/pages\/20\/revisions"}],"predecessor-version":[{"id":2619,"href":"https:\/\/heisateam.com.mx\/index.php\/wp-json\/wp\/v2\/pages\/20\/revisions\/2619"}],"wp:attachment":[{"href":"https:\/\/heisateam.com.mx\/index.php\/wp-json\/wp\/v2\/media?parent=20"}],"curies":[{"name":"wp","href":"https:\/\/api.w.org\/{rel}","templated":true}]}}