{"id":4016,"date":"2025-07-07T07:48:10","date_gmt":"2025-07-07T13:48:10","guid":{"rendered":"https:\/\/heisateam.com.mx\/?post_type=product&#038;p=4016"},"modified":"2025-07-07T08:22:26","modified_gmt":"2025-07-07T14:22:26","slug":"4016","status":"publish","type":"product","link":"https:\/\/heisateam.com.mx\/index.php\/product\/4016\/","title":{"rendered":"Control Preciso de Flujo en L\u00ednea \u2013 Serie F400S"},"content":{"rendered":"<p>Las v\u00e1lvulas de control de flujo en l\u00ednea Serie F de Parker cuentan con agujas de medici\u00f3n finas o est\u00e1ndar para el control del flujo y un resorte completamente guiado para flujo libre en direcci\u00f3n inversa. El dise\u00f1o de resorte superior elimina el tambaleo y recorrido err\u00e1tico comunes en v\u00e1lvulas con retenci\u00f3n de bola.<\/p>\n","protected":false},"excerpt":{"rendered":"<p>V\u00e1lvula manual de medici\u00f3n 2 v\u00edas: flujo libre en un sentido y controlado en el inverso. Para aplicaciones con aire o aceite.<\/p>\n","protected":false},"featured_media":4004,"comment_status":"open","ping_status":"closed","template":"","meta":[],"product_brand":[],"product_cat":[65],"product_tag":[],"class_list":{"0":"post-4016","1":"product","2":"type-product","3":"status-publish","4":"has-post-thumbnail","6":"product_cat-parker-hannifin","8":"first","9":"instock","10":"shipping-taxable","11":"product-type-simple"},"etheme_brands":{"errors":{"invalid_taxonomy":["Taxonom\u00eda no v\u00e1lida."]},"error_data":[]},"_links":{"self":[{"href":"https:\/\/heisateam.com.mx\/index.php\/wp-json\/wp\/v2\/product\/4016","targetHints":{"allow":["GET"]}}],"collection":[{"href":"https:\/\/heisateam.com.mx\/index.php\/wp-json\/wp\/v2\/product"}],"about":[{"href":"https:\/\/heisateam.com.mx\/index.php\/wp-json\/wp\/v2\/types\/product"}],"replies":[{"embeddable":true,"href":"https:\/\/heisateam.com.mx\/index.php\/wp-json\/wp\/v2\/comments?post=4016"}],"version-history":[{"count":3,"href":"https:\/\/heisateam.com.mx\/index.php\/wp-json\/wp\/v2\/product\/4016\/revisions"}],"predecessor-version":[{"id":4019,"href":"https:\/\/heisateam.com.mx\/index.php\/wp-json\/wp\/v2\/product\/4016\/revisions\/4019"}],"wp:featuredmedia":[{"embeddable":true,"href":"https:\/\/heisateam.com.mx\/index.php\/wp-json\/wp\/v2\/media\/4004"}],"wp:attachment":[{"href":"https:\/\/heisateam.com.mx\/index.php\/wp-json\/wp\/v2\/media?parent=4016"}],"wp:term":[{"taxonomy":"product_brand","embeddable":true,"href":"https:\/\/heisateam.com.mx\/index.php\/wp-json\/wp\/v2\/product_brand?post=4016"},{"taxonomy":"product_cat","embeddable":true,"href":"https:\/\/heisateam.com.mx\/index.php\/wp-json\/wp\/v2\/product_cat?post=4016"},{"taxonomy":"product_tag","embeddable":true,"href":"https:\/\/heisateam.com.mx\/index.php\/wp-json\/wp\/v2\/product_tag?post=4016"}],"curies":[{"name":"wp","href":"https:\/\/api.w.org\/{rel}","templated":true}]}}