{"id":4024,"date":"2025-07-07T08:19:12","date_gmt":"2025-07-07T14:19:12","guid":{"rendered":"https:\/\/heisateam.com.mx\/?post_type=product&#038;p=4024"},"modified":"2025-07-07T08:19:12","modified_gmt":"2025-07-07T14:19:12","slug":"control-de-flujo-preciso-valvula-en-linea-serie-f600s","status":"publish","type":"product","link":"https:\/\/heisateam.com.mx\/index.php\/product\/control-de-flujo-preciso-valvula-en-linea-serie-f600s\/","title":{"rendered":"Control de Flujo Preciso \u2013 V\u00e1lvula en L\u00ednea Serie F600S"},"content":{"rendered":"<p>V\u00e1lvula manual de 2 v\u00edas con aguja de medici\u00f3n fina o est\u00e1ndar. Permite flujo libre en una direcci\u00f3n y controlado en la inversa. Ideal para aplicaciones hidr\u00e1ulicas y neum\u00e1ticas con aceite o aire.<\/p>\n","protected":false},"excerpt":{"rendered":"<p>V\u00e1lvula manual de medici\u00f3n 2 v\u00edas: flujo libre en una direcci\u00f3n y controlado en la otra. Ideal para aplicaciones con aire o aceite.<\/p>\n","protected":false},"featured_media":4025,"comment_status":"open","ping_status":"closed","template":"","meta":[],"product_brand":[],"product_cat":[65],"product_tag":[],"class_list":{"0":"post-4024","1":"product","2":"type-product","3":"status-publish","4":"has-post-thumbnail","6":"product_cat-parker-hannifin","8":"first","9":"instock","10":"shipping-taxable","11":"product-type-simple"},"etheme_brands":{"errors":{"invalid_taxonomy":["Taxonom\u00eda no v\u00e1lida."]},"error_data":[]},"_links":{"self":[{"href":"https:\/\/heisateam.com.mx\/index.php\/wp-json\/wp\/v2\/product\/4024","targetHints":{"allow":["GET"]}}],"collection":[{"href":"https:\/\/heisateam.com.mx\/index.php\/wp-json\/wp\/v2\/product"}],"about":[{"href":"https:\/\/heisateam.com.mx\/index.php\/wp-json\/wp\/v2\/types\/product"}],"replies":[{"embeddable":true,"href":"https:\/\/heisateam.com.mx\/index.php\/wp-json\/wp\/v2\/comments?post=4024"}],"version-history":[{"count":1,"href":"https:\/\/heisateam.com.mx\/index.php\/wp-json\/wp\/v2\/product\/4024\/revisions"}],"predecessor-version":[{"id":4026,"href":"https:\/\/heisateam.com.mx\/index.php\/wp-json\/wp\/v2\/product\/4024\/revisions\/4026"}],"wp:featuredmedia":[{"embeddable":true,"href":"https:\/\/heisateam.com.mx\/index.php\/wp-json\/wp\/v2\/media\/4025"}],"wp:attachment":[{"href":"https:\/\/heisateam.com.mx\/index.php\/wp-json\/wp\/v2\/media?parent=4024"}],"wp:term":[{"taxonomy":"product_brand","embeddable":true,"href":"https:\/\/heisateam.com.mx\/index.php\/wp-json\/wp\/v2\/product_brand?post=4024"},{"taxonomy":"product_cat","embeddable":true,"href":"https:\/\/heisateam.com.mx\/index.php\/wp-json\/wp\/v2\/product_cat?post=4024"},{"taxonomy":"product_tag","embeddable":true,"href":"https:\/\/heisateam.com.mx\/index.php\/wp-json\/wp\/v2\/product_tag?post=4024"}],"curies":[{"name":"wp","href":"https:\/\/api.w.org\/{rel}","templated":true}]}}