{"id":4066,"date":"2025-07-07T11:31:46","date_gmt":"2025-07-07T17:31:46","guid":{"rendered":"https:\/\/heisateam.com.mx\/?post_type=product&#038;p=4066"},"modified":"2025-07-07T11:31:46","modified_gmt":"2025-07-07T17:31:46","slug":"regulador-de-presion-06r315ac-3-4-npt-con-drenaje-automatico-alto-flujo-y-precision","status":"publish","type":"product","link":"https:\/\/heisateam.com.mx\/index.php\/product\/regulador-de-presion-06r315ac-3-4-npt-con-drenaje-automatico-alto-flujo-y-precision\/","title":{"rendered":"Regulador de Presi\u00f3n 06R315AC, 3\/4&#8243; NPT con Drenaje Autom\u00e1tico, Alto Flujo y Precisi\u00f3n"},"content":{"rendered":"<p data-start=\"377\" data-end=\"554\">Regulador Parker 06R315AC con rosca NPT de 3\/4&#8243;, ideal para alto flujo de aire comprimido. Incluye drenaje autom\u00e1tico y dise\u00f1o robusto para aplicaciones neum\u00e1ticas industriales.<\/p>\n","protected":false},"excerpt":{"rendered":"<p data-start=\"593\" data-end=\"965\">Con conexiones NPT de 3\/4\u201d, este modelo ofrece una excelente capacidad de caudal, siendo ideal para l\u00edneas principales, equipos de gran consumo o maquinaria automatizada.<\/p>\n","protected":false},"featured_media":3822,"comment_status":"open","ping_status":"closed","template":"","meta":[],"product_brand":[],"product_cat":[65],"product_tag":[],"class_list":{"0":"post-4066","1":"product","2":"type-product","3":"status-publish","4":"has-post-thumbnail","6":"product_cat-parker-hannifin","8":"first","9":"instock","10":"shipping-taxable","11":"product-type-simple"},"etheme_brands":{"errors":{"invalid_taxonomy":["Taxonom\u00eda no v\u00e1lida."]},"error_data":[]},"_links":{"self":[{"href":"https:\/\/heisateam.com.mx\/index.php\/wp-json\/wp\/v2\/product\/4066","targetHints":{"allow":["GET"]}}],"collection":[{"href":"https:\/\/heisateam.com.mx\/index.php\/wp-json\/wp\/v2\/product"}],"about":[{"href":"https:\/\/heisateam.com.mx\/index.php\/wp-json\/wp\/v2\/types\/product"}],"replies":[{"embeddable":true,"href":"https:\/\/heisateam.com.mx\/index.php\/wp-json\/wp\/v2\/comments?post=4066"}],"version-history":[{"count":1,"href":"https:\/\/heisateam.com.mx\/index.php\/wp-json\/wp\/v2\/product\/4066\/revisions"}],"predecessor-version":[{"id":4067,"href":"https:\/\/heisateam.com.mx\/index.php\/wp-json\/wp\/v2\/product\/4066\/revisions\/4067"}],"wp:featuredmedia":[{"embeddable":true,"href":"https:\/\/heisateam.com.mx\/index.php\/wp-json\/wp\/v2\/media\/3822"}],"wp:attachment":[{"href":"https:\/\/heisateam.com.mx\/index.php\/wp-json\/wp\/v2\/media?parent=4066"}],"wp:term":[{"taxonomy":"product_brand","embeddable":true,"href":"https:\/\/heisateam.com.mx\/index.php\/wp-json\/wp\/v2\/product_brand?post=4066"},{"taxonomy":"product_cat","embeddable":true,"href":"https:\/\/heisateam.com.mx\/index.php\/wp-json\/wp\/v2\/product_cat?post=4066"},{"taxonomy":"product_tag","embeddable":true,"href":"https:\/\/heisateam.com.mx\/index.php\/wp-json\/wp\/v2\/product_tag?post=4066"}],"curies":[{"name":"wp","href":"https:\/\/api.w.org\/{rel}","templated":true}]}}