{"id":4163,"date":"2025-07-07T23:30:13","date_gmt":"2025-07-08T05:30:13","guid":{"rendered":"https:\/\/heisateam.com.mx\/?post_type=product&#038;p=4163"},"modified":"2025-07-07T23:30:13","modified_gmt":"2025-07-08T05:30:13","slug":"filtro-de-aire-comprimido-07f34ac-2-npt-filtracion-eficiente-de-alto-flujo","status":"publish","type":"product","link":"https:\/\/heisateam.com.mx\/index.php\/product\/filtro-de-aire-comprimido-07f34ac-2-npt-filtracion-eficiente-de-alto-flujo\/","title":{"rendered":"Filtro de Aire Comprimido 07F34AC, 2&#8243; NPT, Filtraci\u00f3n Eficiente de Alto Flujo"},"content":{"rendered":"<p>Filtro 07F34AC con conexi\u00f3n NPT de 2\u201d. Alta capacidad de filtrado para sistemas neum\u00e1ticos industriales que requieren flujo constante y aire limpio.<\/p>\n","protected":false},"excerpt":{"rendered":"<p data-start=\"557\" data-end=\"919\">Con su conexi\u00f3n NPT de 2\u201d, est\u00e1 especialmente indicado para l\u00edneas principales que requieren aire limpio para un funcionamiento eficiente de equipos y procesos industriales.\u00a0Este modelo elimina eficazmente part\u00edculas s\u00f3lidas y condensado del aire comprimido, lo que ayuda a proteger v\u00e1lvulas, cilindros, actuadores y herramientas neum\u00e1ticas, reduciendo el desgaste y el mantenimiento.<\/p>\n","protected":false},"featured_media":3766,"comment_status":"open","ping_status":"closed","template":"","meta":[],"product_brand":[],"product_cat":[65],"product_tag":[],"class_list":{"0":"post-4163","1":"product","2":"type-product","3":"status-publish","4":"has-post-thumbnail","6":"product_cat-parker-hannifin","8":"first","9":"instock","10":"shipping-taxable","11":"product-type-simple"},"etheme_brands":{"errors":{"invalid_taxonomy":["Taxonom\u00eda no v\u00e1lida."]},"error_data":[]},"_links":{"self":[{"href":"https:\/\/heisateam.com.mx\/index.php\/wp-json\/wp\/v2\/product\/4163","targetHints":{"allow":["GET"]}}],"collection":[{"href":"https:\/\/heisateam.com.mx\/index.php\/wp-json\/wp\/v2\/product"}],"about":[{"href":"https:\/\/heisateam.com.mx\/index.php\/wp-json\/wp\/v2\/types\/product"}],"replies":[{"embeddable":true,"href":"https:\/\/heisateam.com.mx\/index.php\/wp-json\/wp\/v2\/comments?post=4163"}],"version-history":[{"count":1,"href":"https:\/\/heisateam.com.mx\/index.php\/wp-json\/wp\/v2\/product\/4163\/revisions"}],"predecessor-version":[{"id":4164,"href":"https:\/\/heisateam.com.mx\/index.php\/wp-json\/wp\/v2\/product\/4163\/revisions\/4164"}],"wp:featuredmedia":[{"embeddable":true,"href":"https:\/\/heisateam.com.mx\/index.php\/wp-json\/wp\/v2\/media\/3766"}],"wp:attachment":[{"href":"https:\/\/heisateam.com.mx\/index.php\/wp-json\/wp\/v2\/media?parent=4163"}],"wp:term":[{"taxonomy":"product_brand","embeddable":true,"href":"https:\/\/heisateam.com.mx\/index.php\/wp-json\/wp\/v2\/product_brand?post=4163"},{"taxonomy":"product_cat","embeddable":true,"href":"https:\/\/heisateam.com.mx\/index.php\/wp-json\/wp\/v2\/product_cat?post=4163"},{"taxonomy":"product_tag","embeddable":true,"href":"https:\/\/heisateam.com.mx\/index.php\/wp-json\/wp\/v2\/product_tag?post=4163"}],"curies":[{"name":"wp","href":"https:\/\/api.w.org\/{rel}","templated":true}]}}