{"id":4225,"date":"2025-07-08T10:25:49","date_gmt":"2025-07-08T16:25:49","guid":{"rendered":"https:\/\/heisateam.com.mx\/?post_type=product&#038;p=4225"},"modified":"2025-07-08T10:25:49","modified_gmt":"2025-07-08T16:25:49","slug":"valvula-neumatica-b7v3bc553a-alta-precision-y-rendimiento-industrial","status":"publish","type":"product","link":"https:\/\/heisateam.com.mx\/index.php\/product\/valvula-neumatica-b7v3bc553a-alta-precision-y-rendimiento-industrial\/","title":{"rendered":"V\u00e1lvula Neum\u00e1tica B7V3BC553A \u2013 Alta Precisi\u00f3n y Rendimiento Industrial"},"content":{"rendered":"<p>La v\u00e1lvula neum\u00e1tica B7V3BC553A est\u00e1 dise\u00f1ada para brindar un control confiable del flujo de aire en sistemas industriales. Compacta, precisa y resistente, ideal para automatizaci\u00f3n y maquinaria.<\/p>\n","protected":false},"excerpt":{"rendered":"<p>La B7V3BC553A es ideal para quienes buscan eficiencia, durabilidad y precisi\u00f3n en sistemas de control neum\u00e1tico.<\/p>\n","protected":false},"featured_media":3916,"comment_status":"open","ping_status":"closed","template":"","meta":[],"product_brand":[],"product_cat":[65],"product_tag":[],"class_list":{"0":"post-4225","1":"product","2":"type-product","3":"status-publish","4":"has-post-thumbnail","6":"product_cat-parker-hannifin","8":"first","9":"instock","10":"shipping-taxable","11":"product-type-simple"},"etheme_brands":{"errors":{"invalid_taxonomy":["Taxonom\u00eda no v\u00e1lida."]},"error_data":[]},"_links":{"self":[{"href":"https:\/\/heisateam.com.mx\/index.php\/wp-json\/wp\/v2\/product\/4225","targetHints":{"allow":["GET"]}}],"collection":[{"href":"https:\/\/heisateam.com.mx\/index.php\/wp-json\/wp\/v2\/product"}],"about":[{"href":"https:\/\/heisateam.com.mx\/index.php\/wp-json\/wp\/v2\/types\/product"}],"replies":[{"embeddable":true,"href":"https:\/\/heisateam.com.mx\/index.php\/wp-json\/wp\/v2\/comments?post=4225"}],"version-history":[{"count":1,"href":"https:\/\/heisateam.com.mx\/index.php\/wp-json\/wp\/v2\/product\/4225\/revisions"}],"predecessor-version":[{"id":4226,"href":"https:\/\/heisateam.com.mx\/index.php\/wp-json\/wp\/v2\/product\/4225\/revisions\/4226"}],"wp:featuredmedia":[{"embeddable":true,"href":"https:\/\/heisateam.com.mx\/index.php\/wp-json\/wp\/v2\/media\/3916"}],"wp:attachment":[{"href":"https:\/\/heisateam.com.mx\/index.php\/wp-json\/wp\/v2\/media?parent=4225"}],"wp:term":[{"taxonomy":"product_brand","embeddable":true,"href":"https:\/\/heisateam.com.mx\/index.php\/wp-json\/wp\/v2\/product_brand?post=4225"},{"taxonomy":"product_cat","embeddable":true,"href":"https:\/\/heisateam.com.mx\/index.php\/wp-json\/wp\/v2\/product_cat?post=4225"},{"taxonomy":"product_tag","embeddable":true,"href":"https:\/\/heisateam.com.mx\/index.php\/wp-json\/wp\/v2\/product_tag?post=4225"}],"curies":[{"name":"wp","href":"https:\/\/api.w.org\/{rel}","templated":true}]}}